47
List the prime factors of 7226128.
2, 7, 13, 709
What are the prime factors of 24306344?
2, 3038293
What are the prime factors of 15594596?
2, 41, 95089
List the prime factors of 423037.
127, 3331
What are the prime factors of 2634750?
2, 3, 5, 1171
What are the prime factors of 29194?
2, 11, 1327
List the prime factors of 4502760.
2, 3, 5, 157, 239
What are the prime factors of 9163385?
5, 7, 11, 23801
What are the prime factors of 24564119?
59, 223, 1867
What are the prime factors of 29329255?
5, 19, 23, 31, 433
List the prime factors of 291725.
5, 7, 1667
What are the prime factors of 1478706?
2, 3, 41, 6011
List the prime factors of 474062.
2, 17, 73, 191
List the prime factors of 166694.
2, 11, 7577
What are the prime factors of 54858?
2, 3, 41, 223
What are the prime factors of 328777?
328777
What are the prime factors of 5910031?
1231, 4801
What are the prime factors of 74681?
17, 23, 191
What are the prime factors of 345403?
47, 7349
What are the prime factors of 93534?
2, 3, 7, 17, 131
List the prime factors of 5068520.
2, 5, 126713
What are the prime factors of 8573888?
2, 133967
List the prime factors of 164857.
7, 11, 2141
List the prime factors of 2168043.
3, 83, 8707
List the prime factors of 27755.
5, 7, 13, 61
What are the prime factors of 187320?
2, 3, 5, 7, 223
List the prime factors of 203910.
2, 3, 5, 7, 971
What are the prime factors of 1285123?
7, 26227
What are the prime factors of 38032073?
71, 535663
What are the prime factors of 446946?
2, 3, 163, 457
List the prime factors of 20405019.
3, 37, 183829
What are the prime factors of 4034289?
3, 7, 19, 10111
List the prime factors of 7251980.
2, 5, 362599
What are the prime factors of 11690874?
2, 3, 13, 47, 1063
List the prime factors of 640430.
2, 5, 7, 1307
List the prime factors of 31171.
7, 61, 73
What are the prime factors of 2310600?
2, 3, 5, 3851
List the prime factors of 444355.
5, 181, 491
List the prime factors of 2851670.
2, 5, 199, 1433
List the prime factors of 12082338.
2, 3, 223747
List the prime factors of 85552.
2, 5347
What are the prime factors of 38741949?
3, 1434887
What are the prime factors of 7640075?
5, 305603
List the prime factors of 1653915.
3, 5, 110261
What are the prime factors of 7337513?
269, 27277
List the prime factors of 692136.
2, 3, 9613
What are the prime factors of 287653?
179, 1607
List the prime factors of 8891850.
2, 3, 5, 11, 17, 317
List the prime factors of 482640.
2, 3, 5, 2011
What are the prime factors of 6332575?
5, 439, 577
List the prime factors of 3182280.
2, 3, 5, 23, 1153
What are the prime factors of 17540161?
2339, 7499
List the prime factors of 4448624.
2, 31, 8969
List the prime factors of 1293666.
2, 3, 11, 17, 1153
List the prime factors of 65571.
3, 11, 1987
What are the prime factors of 283694?
2, 83, 1709
What are the prime factors of 112438?
2, 17, 3307
What are the prime factors of 3161521?
11, 97, 2963
What are the prime factors of 621402?
2, 3, 103567
List the prime factors of 9328.
2, 11, 53
What are the prime factors of 664712?
2, 83089
What are the prime factors of 12157629?
3, 11, 601, 613
What are the prime factors of 1089144?
2, 3, 7, 2161
List the prime factors of 9772107.
3, 37, 88037
List the prime factors of 19345618.
2, 293, 33013
List the prime factors of 121321.
121321
List the prime factors of 653830.
2, 5, 151, 433
What are the prime factors of 224550?
2, 3, 5, 499
List the prime factors of 101421.
3, 59, 191
List the prime factors of 2682606.
2, 3, 447101
List the prime factors of 2706647.
691, 3917
List the prime factors of 139824.
2, 3, 971
What are the prime factors of 468480?
2, 3, 5, 61
List the prime factors of 2802284.
2, 700571
List the prime factors of 1453803.
3, 13, 37277
What are the prime factors of 368128?
2, 719
List the prime factors of 3575066.
2, 11, 17, 79
List the prime factors of 352053.
3, 13, 17, 59
List the prime factors of 4673010.
2, 3, 5, 53, 2939
What are the prime factors of 11820?
2, 3, 5, 197
List the prime factors of 10542403.
10542403
What are the prime factors of 546831?
3, 43, 157
List the prime factors of 2556411.
3, 11, 13, 59, 101
What are the prime factors of 1612105?
5, 11, 29311
What are the prime factors of 21758573?
21758573
List the prime factors of 13569036.
2, 3, 13, 86981
What are the prime factors of 16253128?
2, 67, 30323
List the prime factors of 866872.
2, 108359
List the prime factors of 9676740.
2, 3, 5, 17, 53, 179
List the prime factors of 1313618.
2, 656809
What are the prime factors of 3637229?
67, 54287
List the prime factors of 1716499.
1716499
What are the prime factors of 207836?
2, 223, 233
List the prime factors of 7315019.
19, 385001
What are the prime factors of 33011?
11, 3001
What are the prime factors of 44386?
2, 22193
What are the prime factors of 150095?
5, 11, 2729
What are the prime factors of 16744417?
2069, 8093
What are the prime factors of 264118?
2, 132059
List the prime factors of 8252662.
2, 11, 375121
What are the prime factors of 10572235?
5, 877, 2411
List the prime factors of 1533621.
3, 17, 30071
List the prime factors of 34306796.
2, 8576699
List the prime factors of 858066.
2, 3, 11, 13001
What are the prime factors of 37321571?
7, 23, 59, 3929
What are the prime factors of 454235?
5, 90847
List the prime factors of 4570394.
2, 337, 6781
What are the prime factors of 77361?
3, 107, 241
What are the prime factors of 1530501?
3, 7, 31, 2351
List the prime factors of 6365610.
2, 3, 5, 70729
What are the prime factors of 3708667?
19, 195193
What are the prime factors of 2214077?
2214077
What are the prime factors of 2952642?
2, 3, 7, 11, 83
List the prime factors of 300299.
300299
What are the prime factors of 110791?
23, 4817
List the prime factors of 852588.
2, 3, 11, 2153
List the prime factors of 98430.
2, 3, 5, 17, 193
What are the prime factors of 2045498?
2, 7, 13, 11239
List the prime factors of 7046240.
2, 5, 47, 937
What are the prime factors of 8642602?
2, 61, 70841
What are the prime factors of 263883?
3, 87961
What are the prime factors of 35459199?
3, 29, 135859
What are the prime factors of 12469272?
2, 3, 519553
What are the prime factors of 6509131?
107, 127, 479
List the prime factors of 321769.
7, 43, 1069
List the prime factors of 3097756.
2, 774439
What are the prime factors of 113797?
113797
What are the prime factors of 17657912?
2, 167, 13217
What are the prime factors of 887960?
2, 5, 79, 281
What are the prime factors of 428786?
2, 269, 797
List the prime factors of 6313520.
2, 5, 78919
What are the prime factors of 4340737?
4340737
What are the prime factors of 625553?
97, 6449
List the prime factors of 10087887.
3, 331, 10159
What are the prime factors of 74325?
3, 5, 991
What are the prime factors of 28643?
28643
What are the prime factors of 1495760?
2, 5, 7, 2671
List the prime factors of 2149625.
5, 29, 593
What are the prime factors of 2409181?
19, 23, 37, 149
List the prime factors of 4049816.
2, 41, 12347
What are the prime factors of 997566?
2, 3, 53, 3137
List the prime factors of 450075.
3, 5, 17, 353
List the prime factors of 37568.
2, 587
What are the prime factors of 983351?
31, 31721
List the prime factors of 21501930.
2, 3, 5, 716731
What are the prime factors of 341203?
341203
List the prime factors of 5857014.
2, 3, 29, 41, 821
What are the prime factors of 296150?
2, 5, 5923
What are the prime factors of 501654?
2, 3, 83609
What are the prime factors of 303323?
303323
What are the prime factors of 43187?
19, 2273
List the prime factors of 827525.
5, 79, 419
List the prime factors of 53958.
2, 3, 17, 23
List the prime factors of 317581.
11, 28871
List the prime factors of 61983.
3, 71, 97
What are the prime factors of 2228418?
2, 3, 29, 1423
What are the prime factors of 43847?
163, 269
List the prime factors of 6344417.
17, 29, 757
What are the prime factors of 67954?
2, 61, 557
List the prime factors of 185601.
3, 13, 4759
List the prime factors of 2816913.
3, 11, 85361
List the prime factors of 163406.
2, 81703
List the prime factors of 1664303.
23, 269
List the prime factors of 25375323.
3, 8458441
List the prime factors of 29455563.
3, 1699, 5779
What are the prime factors of 344650?
2, 5, 61, 113
What are the prime factors of 358889?
191, 1879
List 